n(u). Suppose 0*h + 20 = -2*h. Does 8 divide q(h)?
True
Let j(o) = 10*o + 30. Is j(7) a multiple of 11?
False
Let h(a) = -13*a + 1. Let c(g) = g. Let r(y) = 4*c(y) + h(y). Is r(-1) a multiple of 10?
True
Suppose 2*n - 46 = 36. Is n a multiple of 12?
False
Let m = -3 - -5. Suppose -p = m*p - 6. Suppose 3*q + 5*l - l = 7, -p*q - l = -13. Is q a multiple of 9?
True
Let r be (-99)/(-6) - (-3)/(-6). Let x be 4*(0 + 3/2). Let s = r - x. Is s a multiple of 5?
True
Let c be 65/55 - (-4)/(-22). Let r = 0 - c. Let b(l) = -5*l**3 - l**2 - 2*l - 1. Is b(r) even?
False
Suppose -3*c = -4*v - 0*v - 38, 0 = -2*c + v + 32. Is 6 a factor of c?
True
Suppose -154 = -h - 2*b, -6*h = -2*h - 5*b - 642. Is 33 a factor of h?
False
Let x(q) = -q**3 - 2*q**2 - 3. Suppose 1 = -5*v - 24. Let j be x(v). Suppose 3*u - u - j = 0. Is 13 a factor of u?
False
Let f = 3 - -3. Is f even?
True
Let s = 12 + -5. Let g = s - -1. Is 3 a factor of g?
False
Let r be 8/(-12) - (-596)/3. Suppose 5*x = -20, 5*v = x - 74 + r. Suppose -2*o - o = -v. Is 8 a factor of o?
True
Let u be (-1)/(-2) - 58/4. Let o be (u/4)/(1/4). Is 14 a factor of 1/(2 - (-27)/o)?
True
Let h(y) be the first derivative of 3*y**2/2 + 5*y + 11. Suppose 3*b = 4*a + 28, -3*a - a = 16. Is h(b) a multiple of 9?
False
Let d(p) be the third derivative of p**6/120 + p**4/24 + 4*p**3/3 + 2*p**2. Is 8 a factor of d(0)?
True
Suppose 0 = -3*a - 4*g + 2 - 0, -g = -3*a + 22. Suppose h + h = a. Suppose h*p - 22 - 23 = 0. Does 10 divide p?
False
Suppose -q + 41 = 2*f, -f - 2*f + 51 = 5*q. Is f a multiple of 22?
True
Suppose 255 = 5*t - 75. Is 11 a factor of t?
True
Let l(k) = -k**3 - 6*k**2 + 6*k - 4. Let w be l(-7). Suppose 4*m = m - 18. Let u = w - m. Is 9 a factor of u?
True
Let d = -21 - -15. Let p = d + 8. Suppose 4*h = -0*h - 3*t, 0 = -p*h - 2*t - 2. Does 2 divide h?
False
Suppose 405 = -0*m + 5*m - r, 0 = 2*r + 10. Suppose -3*g + m + 130 = 0. Is g a multiple of 12?
False
Suppose b + b = 5*m - 9, 3*b = -6. Is 2 + -3 - m*-19 a multiple of 16?
False
Suppose -8*j = 9*j - 170. Does 10 divide j?
True
Suppose 4*n + 7 = 19. Suppose 4*j = n*b - 0*b - 24, b - 3*j = 13. Is b a multiple of 4?
True
Let w(q) be the first derivative of -3*q**2 - 2*q - 4. Is w(-3) a multiple of 5?
False
Suppose 0 = 3*j - j + 5*o + 9, 5*j - 4*o - 27 = 0. Let u = j + -2. Is u*(-10)/(0 + -2) a multiple of 4?
False
Let g = 145 - 97. Let s = -3 - -8. Suppose i = -i - 3*j + 33, 4*j = s*i - g. Does 9 divide i?
False
Let x(r) = -3*r - 9*r - r**2 - 6 + 3*r. Let w be x(-8). Suppose -4*h = 4*d - 8 - 32, -w*h = 5*d - 62. Does 14 divide d?
True
Let p = 5 + 11. Let t = p - 1. Does 13 divide t?
False
Suppose 0 = -4*u + 42 + 118. Does 9 divide u?
False
Let o(q) = q + 6. Let t = 5 + 0. Is o(t) a multiple of 11?
True
Suppose 16 = -5*o - 9. Let a = 10 + o. Suppose -53 = -5*k + 2*q, k + 9 = a*q + 38. Is k a multiple of 6?
False
Let t(i) = -3*i - 3. Let l be t(-2). Suppose 4*w + 5 = -l. Is 14 a factor of 96/(5 + w) + 2?
False
Suppose 0 = -2*l - q + 6*q + 24, -3*q = 2*l + 8. Let a(d) = 9*d**3 + d**2 - 2*d. Let i be a(l). Does 11 divide ((-6)/(-8))/(2/i)?
False
Suppose 2*t + 9 = -t. Let i = t - -7. Suppose w = 6*w - 4*x - 267, i*w + 3*x - 195 = 0. Is w a multiple of 17?
True
Let v(f) = 2*f**2 - 2. Let t(b) = -b + 14. Let s be t(11). Does 7 divide v(s)?
False
Let v = 62 + -33. Suppose 0 = 5*f - v - 21. Does 10 divide f?
True
Let r(k) be the first derivative of -k**4/4 + k**3 - 3*k**2/2 - 4*k - 1. Let y be r(3). Let o = y - -21. Does 7 divide o?
False
Let d = -14 + 10. Let x be 33/7 + d/(-14). Suppose 2*t - 22 = -x*w + w, -3*t + 5*w + 88 = 0. Does 16 divide t?
False
Let h = -2 - -7. Suppose 4*b = 2*j - 7*j + 190, 10 = -h*j. Does 14 divide b?
False
Suppose 0 = 3*r - 19 - 29. Is 8 a factor of r?
True
Let n(d) = d**3 + 3*d**2 - 5*d - 4. Let o be n(-3). Let g(i) = 13*i + 1. Let u be g(o). Suppose -u = -5*p + 3*z, p - 20 - 20 = -5*z. Does 16 divide p?
False
Suppose -4*f - 31 - 9 = -5*u, 2*u - 4 = 4*f. Suppose 0 = -2*p - u + 44. Does 4 divide p?
True
Let d = 24 + 12. Is 5 a factor of d?
False
Let u be (4/(-6))/((-2)/(-3)). Let t = u - -7. Does 3 divide t?
True
Let r(o) = 7*o**2 - 8. Is r(3) a multiple of 11?
True
Let n(w) = w**3 + 7*w**2 + 6*w + 4. Let o be n(-6). Suppose o*h - 56 = 2*h. Is 14 a factor of h?
True
Let b(u) = u**2 - 2. Suppose 3*p + 3 + 6 = 0. Let c be b(p). Suppose -2*v = -31 + c. Is 4 a factor of v?
True
Let i = 7 - -9. Is 8 a factor of i?
True
Suppose 4*t - 81 + 1 = 0. Suppose t*k - 126 = 17*k. Does 9 divide k?
False
Does 15 divide (1*-5)/(2/(-10))?
False
Let q(v) = 55*v**2 - v + 2. Is 8 a factor of q(1)?
True
Let s be 10/(-14) - (-2)/(-7). Let h(g) = 9*g**2 - 1. Is 4 a factor of h(s)?
True
Suppose 5*i - 15 - 45 = 0. Is 101/4 + 9/i a multiple of 11?
False
Suppose 0 = -21*d + 19*d + 92. Is d a multiple of 46?
True
Let p(k) = -14*k**3 + 16*k**2 - 27*k + 20. Let d(a) = -5*a**3 + 5*a**2 - 9*a + 7. Let n(b) = 11*d(b) - 4*p(b). Let m be n(8). Does 15 divide 8*((-225)/(-12))/m?
True
Suppose -2*m + 5*n + 141 = 0, -n = -m + 55 + 8. Does 19 divide m?
False
Suppose 3*y - 402 = -5*i - y, 4*i = 2*y + 306. Is 26 a factor of i?
True
Let x be ((-6)/(-1) - 3) + -1. Suppose -x*d + 58 + 42 = -4*w, 2*w + 8 = 0. Is 14 a factor of d?
True
Let q(s) = s**3 + 21*s**2 - 2*s - 11. Is 31 a factor of q(-21)?
True
Let m = -84 - -150. Suppose -6*b - 3*z = -5*b - m, 4*b - 319 = -z. Is 27 a factor of b?
True
Let s(j) = 13 - 4*j + 10 + 3*j. Let f be s(0). Suppose -3*y = 4*p + f - 111, -p + 5*y - 1 = 0. Is p a multiple of 14?
False
Let r be 14/6 - 1/3. Let u(s) = s**3 - 2*s**2 + 5*s + 3. Let z(n) = n**2 - 4*n - 2. Let p(q) = 3*u(q) + 4*z(q). Does 14 divide p(r)?
False
Is 9/(-36) + (543/4)/3 a multiple of 9?
True
Let f(o) = 6*o**3 - 2*o**2 + 1. Let b be f(1). Suppose -b = -c + 2. Suppose -3*w + 104 = -2*j, -3*j = -c*j - 16. Does 16 divide w?
True
Let j(r) = r**2 - 5*r - 6. Let u be j(6). Suppose u = -4*b + 5 + 39. Is b even?
False
Let p(t) = t**2 + 7*t - 8. Let w be p(-7). Let l = w - -10. Suppose l*g = 3*q + 42, 28 = 3*g + 5*q - 54. Does 18 divide g?
False
Suppose 696 = 3*f + 3*d, -12 = -4*d + d. Does 38 divide f?
True
Let d(i) = -i**2 + 6*i - 1. Let y be d(5). Does 10 divide (93/6)/(2/y)?
False
Suppose -g + 6 - 2 = 0. Suppose -2*o + g + 6 = 0. Does 8 divide (8/o)/(1/5)?
True
Let l(u) = -3*u**2 - 4*u. Let o(k) = 2*k**2 + 4*k + 1. Let c(n) = -3*l(n) - 2*o(n). Is 21 a factor of c(3)?
False
Suppose 150 + 130 = 8*q. Is 7 a factor of q?
True
Suppose -4*o + 8*o - 8 = -2*v, 0 = 3*v + 3*o - 27. Does 3 divide v?
False
Suppose -3*t - 4*r + r = -48, 3*t + 2*r - 46 = 0. Is 7 a factor of t?
True
Let z be (3/6)/(2/(-4)). Is (-6)/(-2) - 20/z a multiple of 10?
False
Let a(b) = b**3 - 8*b**2 - 12*b - 19. Does 33 divide a(10)?
False
Let w(v) = -v**2 - 6*v - 4. Let h be w(-4). Suppose 2*s = h*k - k + 63, -s + 3*k = -39. Is s a multiple of 12?
True
Suppose 2*u + 12 = 2*y, -5*y = 5*u - 0*y. Is 2/u + (-34)/(-6) a multiple of 4?
False
Suppose 1178 = -b - 2*w - 764, -5*w + 5793 = -3*b. Is 5 a factor of 4/(-30) + b/(-120)?
False
Let c = -2 - 3. Let z(r) = -r**3 + 7*r**2 - 2*r. Let f be z(6). Let m = f + c. Is 8 a factor of m?
False
Let l(s) = -s - 3. Suppose -w = w. Let m be l(w). Is 5 a factor of (-5)/(1*(m + 2))?
True
Suppose -60 = 3*t - 0*t. Let s = 1 - t. Is s a multiple of 7?
True
Let p(t) be the third derivative of t**6/120 + 2*t**5/15 + 7*t**4/24 - t**3 + 4*t**2. Suppose -5*d + 3*d = 12. Is 12 a factor of p(d)?
True
Let u be 2 + 0 + -1 + -1. Suppose u = a - 5 - 0. Suppose 48 = a*s - 2*s. Does 15 divide s?
False
Let s = 28 - 20. Suppose -1 = -0*r + r + 4*x, 0 = -2*x. Let a = s - r. Is 9 a factor of a?
True
Suppose -3*p + 0*y + 133 = -2*y, -p = -2*y - 51. Let x = 22 + p. Is x a multiple of 21?
True
Suppose -4*s + 5*s = 29. Does 7 divide s?
False
Let f be (-1764)/(-35) + 2/(-5). Suppose z + 3*n = -z + 24, 4*z + 5*n = f. Is z a multiple of 7?
False
Let m(v) = v**3 - 12*v**2 + 14*v + 5. Suppose 0 = 3*z + 2*z - 20. Suppose -49 = -z*n - o, 5*o = 5*n - 25 - 5. Does 19 divide m(n)?
True
Let z(n) = -5*n + 0*n - 4 - 3*n. Let v be z(-6). Suppose -5*a + 2*b = 4*b - v, -3*a + 30 = 3*b. Does 4 divide a?
True
Let p = -4 + 7. Let a be -2 + p/6*0. Let r(g) = 3*g**2 + g. Does 4 divide r(a)?
False
Let h = -43 + -885. Suppose -9*v = -103 -